{"id":24844,"date":"2022-11-24T21:06:32","date_gmt":"2022-11-24T20:06:32","guid":{"rendered":"http:\/\/strachocin.archidiecezja.wroc.pl\/_nowa-wp\/?page_id=24844"},"modified":"2022-11-24T21:42:00","modified_gmt":"2022-11-24T20:42:00","slug":"wydarzenia","status":"publish","type":"page","link":"https:\/\/strachocin.archidiecezja.wroc.pl\/?page_id=24844","title":{"rendered":"Wydarzenia"},"content":{"rendered":"<ul class=\"wp-block-latest-posts__list has-dates wp-block-latest-posts\"><li><div class=\"wp-block-latest-posts__featured-image\"><a href=\"https:\/\/strachocin.archidiecezja.wroc.pl\/?p=27431\" aria-label=\"WIGILIA ZES\u0141ANIA DUCHA \u015aWI\u0118TEGO 23 maja godz. 19.15\"><img loading=\"lazy\" decoding=\"async\" width=\"150\" height=\"150\" src=\"https:\/\/i0.wp.com\/strachocin.archidiecezja.wroc.pl\/wp-content\/uploads\/2026\/05\/zeslanie-1.jpg?resize=150%2C150&amp;ssl=1\" class=\"attachment-thumbnail size-thumbnail wp-post-image\" alt=\"\" style=\"\" srcset=\"https:\/\/i0.wp.com\/strachocin.archidiecezja.wroc.pl\/wp-content\/uploads\/2026\/05\/zeslanie-1.jpg?resize=150%2C150&amp;ssl=1 150w, https:\/\/i0.wp.com\/strachocin.archidiecezja.wroc.pl\/wp-content\/uploads\/2026\/05\/zeslanie-1.jpg?zoom=2&amp;resize=150%2C150&amp;ssl=1 300w, https:\/\/i0.wp.com\/strachocin.archidiecezja.wroc.pl\/wp-content\/uploads\/2026\/05\/zeslanie-1.jpg?zoom=3&amp;resize=150%2C150&amp;ssl=1 450w\" sizes=\"(max-width: 150px) 100vw, 150px\" \/><\/a><\/div><a class=\"wp-block-latest-posts__post-title\" href=\"https:\/\/strachocin.archidiecezja.wroc.pl\/?p=27431\">WIGILIA ZES\u0141ANIA DUCHA \u015aWI\u0118TEGO 23 maja godz. 19.15<\/a><time datetime=\"2026-05-16T20:53:46+02:00\" class=\"wp-block-latest-posts__post-date\">16 maja 2026<\/time><div class=\"wp-block-latest-posts__post-excerpt\"><\/div><\/li>\n<li><div class=\"wp-block-latest-posts__featured-image\"><a href=\"https:\/\/strachocin.archidiecezja.wroc.pl\/?p=27428\" aria-label=\"WYPRAWA DO LASU 13 czerwca\"><img loading=\"lazy\" decoding=\"async\" width=\"150\" height=\"150\" src=\"https:\/\/i0.wp.com\/strachocin.archidiecezja.wroc.pl\/wp-content\/uploads\/2026\/05\/seniorzy-2.jpg?resize=150%2C150&amp;ssl=1\" class=\"attachment-thumbnail size-thumbnail wp-post-image\" alt=\"\" style=\"\" srcset=\"https:\/\/i0.wp.com\/strachocin.archidiecezja.wroc.pl\/wp-content\/uploads\/2026\/05\/seniorzy-2.jpg?resize=150%2C150&amp;ssl=1 150w, https:\/\/i0.wp.com\/strachocin.archidiecezja.wroc.pl\/wp-content\/uploads\/2026\/05\/seniorzy-2.jpg?zoom=2&amp;resize=150%2C150&amp;ssl=1 300w, https:\/\/i0.wp.com\/strachocin.archidiecezja.wroc.pl\/wp-content\/uploads\/2026\/05\/seniorzy-2.jpg?zoom=3&amp;resize=150%2C150&amp;ssl=1 450w\" sizes=\"(max-width: 150px) 100vw, 150px\" \/><\/a><\/div><a class=\"wp-block-latest-posts__post-title\" href=\"https:\/\/strachocin.archidiecezja.wroc.pl\/?p=27428\">WYPRAWA DO LASU 13 czerwca<\/a><time datetime=\"2026-05-16T20:51:18+02:00\" class=\"wp-block-latest-posts__post-date\">16 maja 2026<\/time><div class=\"wp-block-latest-posts__post-excerpt\"><\/div><\/li>\n<li><div class=\"wp-block-latest-posts__featured-image\"><a href=\"https:\/\/strachocin.archidiecezja.wroc.pl\/?p=27425\" aria-label=\"WYPRAWA DO LASU 13 czerwca\"><img loading=\"lazy\" decoding=\"async\" width=\"150\" height=\"150\" src=\"https:\/\/i0.wp.com\/strachocin.archidiecezja.wroc.pl\/wp-content\/uploads\/2026\/05\/dzieci-i-ojcowie.jpg?resize=150%2C150&amp;ssl=1\" class=\"attachment-thumbnail size-thumbnail wp-post-image\" alt=\"\" style=\"\" srcset=\"https:\/\/i0.wp.com\/strachocin.archidiecezja.wroc.pl\/wp-content\/uploads\/2026\/05\/dzieci-i-ojcowie.jpg?resize=150%2C150&amp;ssl=1 150w, https:\/\/i0.wp.com\/strachocin.archidiecezja.wroc.pl\/wp-content\/uploads\/2026\/05\/dzieci-i-ojcowie.jpg?zoom=2&amp;resize=150%2C150&amp;ssl=1 300w, https:\/\/i0.wp.com\/strachocin.archidiecezja.wroc.pl\/wp-content\/uploads\/2026\/05\/dzieci-i-ojcowie.jpg?zoom=3&amp;resize=150%2C150&amp;ssl=1 450w\" sizes=\"(max-width: 150px) 100vw, 150px\" \/><\/a><\/div><a class=\"wp-block-latest-posts__post-title\" href=\"https:\/\/strachocin.archidiecezja.wroc.pl\/?p=27425\">WYPRAWA DO LASU 13 czerwca<\/a><time datetime=\"2026-05-16T20:49:47+02:00\" class=\"wp-block-latest-posts__post-date\">16 maja 2026<\/time><div class=\"wp-block-latest-posts__post-excerpt\"><\/div><\/li>\n<li><div class=\"wp-block-latest-posts__featured-image\"><a href=\"https:\/\/strachocin.archidiecezja.wroc.pl\/?p=27411\" aria-label=\"ZAPRASZAMY NA WARSZTATY\"><img loading=\"lazy\" decoding=\"async\" width=\"150\" height=\"150\" src=\"https:\/\/i0.wp.com\/strachocin.archidiecezja.wroc.pl\/wp-content\/uploads\/2026\/04\/WARSZTAT-PORADNI.jpg?resize=150%2C150&amp;ssl=1\" class=\"attachment-thumbnail size-thumbnail wp-post-image\" alt=\"\" style=\"\" srcset=\"https:\/\/i0.wp.com\/strachocin.archidiecezja.wroc.pl\/wp-content\/uploads\/2026\/04\/WARSZTAT-PORADNI.jpg?resize=150%2C150&amp;ssl=1 150w, https:\/\/i0.wp.com\/strachocin.archidiecezja.wroc.pl\/wp-content\/uploads\/2026\/04\/WARSZTAT-PORADNI.jpg?zoom=2&amp;resize=150%2C150&amp;ssl=1 300w, https:\/\/i0.wp.com\/strachocin.archidiecezja.wroc.pl\/wp-content\/uploads\/2026\/04\/WARSZTAT-PORADNI.jpg?zoom=3&amp;resize=150%2C150&amp;ssl=1 450w\" sizes=\"(max-width: 150px) 100vw, 150px\" \/><\/a><\/div><a class=\"wp-block-latest-posts__post-title\" href=\"https:\/\/strachocin.archidiecezja.wroc.pl\/?p=27411\">ZAPRASZAMY NA WARSZTATY<\/a><time datetime=\"2026-04-25T23:19:39+02:00\" class=\"wp-block-latest-posts__post-date\">25 kwietnia 2026<\/time><div class=\"wp-block-latest-posts__post-excerpt\"><\/div><\/li>\n<li><div class=\"wp-block-latest-posts__featured-image\"><a href=\"https:\/\/strachocin.archidiecezja.wroc.pl\/?p=27407\" aria-label=\"SPOTKANIA ZE S\u0141OWEM\"><img loading=\"lazy\" decoding=\"async\" width=\"150\" height=\"150\" src=\"https:\/\/i0.wp.com\/strachocin.archidiecezja.wroc.pl\/wp-content\/uploads\/2026\/04\/daNIEL-20.05.jpg?resize=150%2C150&amp;ssl=1\" class=\"attachment-thumbnail size-thumbnail wp-post-image\" alt=\"\" style=\"\" srcset=\"https:\/\/i0.wp.com\/strachocin.archidiecezja.wroc.pl\/wp-content\/uploads\/2026\/04\/daNIEL-20.05.jpg?resize=150%2C150&amp;ssl=1 150w, https:\/\/i0.wp.com\/strachocin.archidiecezja.wroc.pl\/wp-content\/uploads\/2026\/04\/daNIEL-20.05.jpg?zoom=2&amp;resize=150%2C150&amp;ssl=1 300w, https:\/\/i0.wp.com\/strachocin.archidiecezja.wroc.pl\/wp-content\/uploads\/2026\/04\/daNIEL-20.05.jpg?zoom=3&amp;resize=150%2C150&amp;ssl=1 450w\" sizes=\"(max-width: 150px) 100vw, 150px\" \/><\/a><\/div><a class=\"wp-block-latest-posts__post-title\" href=\"https:\/\/strachocin.archidiecezja.wroc.pl\/?p=27407\">SPOTKANIA ZE S\u0141OWEM<\/a><time datetime=\"2026-04-25T23:16:17+02:00\" class=\"wp-block-latest-posts__post-date\">25 kwietnia 2026<\/time><div class=\"wp-block-latest-posts__post-excerpt\"><\/div><\/li>\n<\/ul>\n\n<ul class=\"wp-block-archives-list wp-block-archives\">\t<li><a href='https:\/\/strachocin.archidiecezja.wroc.pl\/?m=202605'>maj 2026<\/a><\/li>\n\t<li><a href='https:\/\/strachocin.archidiecezja.wroc.pl\/?m=202604'>kwiecie\u0144 2026<\/a><\/li>\n\t<li><a href='https:\/\/strachocin.archidiecezja.wroc.pl\/?m=202603'>marzec 2026<\/a><\/li>\n\t<li><a href='https:\/\/strachocin.archidiecezja.wroc.pl\/?m=202602'>luty 2026<\/a><\/li>\n\t<li><a href='https:\/\/strachocin.archidiecezja.wroc.pl\/?m=202601'>stycze\u0144 2026<\/a><\/li>\n\t<li><a href='https:\/\/strachocin.archidiecezja.wroc.pl\/?m=202512'>grudzie\u0144 2025<\/a><\/li>\n\t<li><a href='https:\/\/strachocin.archidiecezja.wroc.pl\/?m=202511'>listopad 2025<\/a><\/li>\n\t<li><a href='https:\/\/strachocin.archidiecezja.wroc.pl\/?m=202510'>pa\u017adziernik 2025<\/a><\/li>\n\t<li><a href='https:\/\/strachocin.archidiecezja.wroc.pl\/?m=202509'>wrzesie\u0144 2025<\/a><\/li>\n\t<li><a href='https:\/\/strachocin.archidiecezja.wroc.pl\/?m=202508'>sierpie\u0144 2025<\/a><\/li>\n\t<li><a href='https:\/\/strachocin.archidiecezja.wroc.pl\/?m=202507'>lipiec 2025<\/a><\/li>\n\t<li><a href='https:\/\/strachocin.archidiecezja.wroc.pl\/?m=202506'>czerwiec 2025<\/a><\/li>\n\t<li><a href='https:\/\/strachocin.archidiecezja.wroc.pl\/?m=202505'>maj 2025<\/a><\/li>\n\t<li><a href='https:\/\/strachocin.archidiecezja.wroc.pl\/?m=202504'>kwiecie\u0144 2025<\/a><\/li>\n\t<li><a href='https:\/\/strachocin.archidiecezja.wroc.pl\/?m=202503'>marzec 2025<\/a><\/li>\n\t<li><a href='https:\/\/strachocin.archidiecezja.wroc.pl\/?m=202502'>luty 2025<\/a><\/li>\n\t<li><a href='https:\/\/strachocin.archidiecezja.wroc.pl\/?m=202501'>stycze\u0144 2025<\/a><\/li>\n\t<li><a href='https:\/\/strachocin.archidiecezja.wroc.pl\/?m=202412'>grudzie\u0144 2024<\/a><\/li>\n\t<li><a href='https:\/\/strachocin.archidiecezja.wroc.pl\/?m=202411'>listopad 2024<\/a><\/li>\n\t<li><a href='https:\/\/strachocin.archidiecezja.wroc.pl\/?m=202410'>pa\u017adziernik 2024<\/a><\/li>\n\t<li><a href='https:\/\/strachocin.archidiecezja.wroc.pl\/?m=202409'>wrzesie\u0144 2024<\/a><\/li>\n\t<li><a href='https:\/\/strachocin.archidiecezja.wroc.pl\/?m=202408'>sierpie\u0144 2024<\/a><\/li>\n\t<li><a href='https:\/\/strachocin.archidiecezja.wroc.pl\/?m=202407'>lipiec 2024<\/a><\/li>\n\t<li><a href='https:\/\/strachocin.archidiecezja.wroc.pl\/?m=202406'>czerwiec 2024<\/a><\/li>\n\t<li><a href='https:\/\/strachocin.archidiecezja.wroc.pl\/?m=202405'>maj 2024<\/a><\/li>\n\t<li><a href='https:\/\/strachocin.archidiecezja.wroc.pl\/?m=202404'>kwiecie\u0144 2024<\/a><\/li>\n\t<li><a href='https:\/\/strachocin.archidiecezja.wroc.pl\/?m=202403'>marzec 2024<\/a><\/li>\n\t<li><a href='https:\/\/strachocin.archidiecezja.wroc.pl\/?m=202402'>luty 2024<\/a><\/li>\n\t<li><a href='https:\/\/strachocin.archidiecezja.wroc.pl\/?m=202401'>stycze\u0144 2024<\/a><\/li>\n\t<li><a href='https:\/\/strachocin.archidiecezja.wroc.pl\/?m=202312'>grudzie\u0144 2023<\/a><\/li>\n\t<li><a href='https:\/\/strachocin.archidiecezja.wroc.pl\/?m=202311'>listopad 2023<\/a><\/li>\n\t<li><a href='https:\/\/strachocin.archidiecezja.wroc.pl\/?m=202310'>pa\u017adziernik 2023<\/a><\/li>\n\t<li><a href='https:\/\/strachocin.archidiecezja.wroc.pl\/?m=202309'>wrzesie\u0144 2023<\/a><\/li>\n\t<li><a href='https:\/\/strachocin.archidiecezja.wroc.pl\/?m=202308'>sierpie\u0144 2023<\/a><\/li>\n\t<li><a href='https:\/\/strachocin.archidiecezja.wroc.pl\/?m=202305'>maj 2023<\/a><\/li>\n\t<li><a href='https:\/\/strachocin.archidiecezja.wroc.pl\/?m=202304'>kwiecie\u0144 2023<\/a><\/li>\n\t<li><a href='https:\/\/strachocin.archidiecezja.wroc.pl\/?m=202303'>marzec 2023<\/a><\/li>\n\t<li><a href='https:\/\/strachocin.archidiecezja.wroc.pl\/?m=202302'>luty 2023<\/a><\/li>\n\t<li><a href='https:\/\/strachocin.archidiecezja.wroc.pl\/?m=202301'>stycze\u0144 2023<\/a><\/li>\n\t<li><a href='https:\/\/strachocin.archidiecezja.wroc.pl\/?m=202212'>grudzie\u0144 2022<\/a><\/li>\n\t<li><a href='https:\/\/strachocin.archidiecezja.wroc.pl\/?m=202211'>listopad 2022<\/a><\/li>\n\t<li><a href='https:\/\/strachocin.archidiecezja.wroc.pl\/?m=202210'>pa\u017adziernik 2022<\/a><\/li>\n\t<li><a href='https:\/\/strachocin.archidiecezja.wroc.pl\/?m=202201'>stycze\u0144 2022<\/a><\/li>\n<\/ul>","protected":false},"excerpt":{"rendered":"","protected":false},"author":1,"featured_media":0,"parent":24829,"menu_order":3,"comment_status":"closed","ping_status":"closed","template":"","meta":{"_uag_custom_page_level_css":"","ngg_post_thumbnail":0,"footnotes":""},"uagb_featured_image_src":{"full":false,"thumbnail":false,"medium":false,"medium_large":false,"large":false,"1536x1536":false,"2048x2048":false,"hestia-blog":false},"uagb_author_info":{"display_name":"tomekr","author_link":"https:\/\/strachocin.archidiecezja.wroc.pl\/?author=1"},"uagb_comment_info":0,"uagb_excerpt":null,"_links":{"self":[{"href":"https:\/\/strachocin.archidiecezja.wroc.pl\/index.php?rest_route=\/wp\/v2\/pages\/24844"}],"collection":[{"href":"https:\/\/strachocin.archidiecezja.wroc.pl\/index.php?rest_route=\/wp\/v2\/pages"}],"about":[{"href":"https:\/\/strachocin.archidiecezja.wroc.pl\/index.php?rest_route=\/wp\/v2\/types\/page"}],"author":[{"embeddable":true,"href":"https:\/\/strachocin.archidiecezja.wroc.pl\/index.php?rest_route=\/wp\/v2\/users\/1"}],"replies":[{"embeddable":true,"href":"https:\/\/strachocin.archidiecezja.wroc.pl\/index.php?rest_route=%2Fwp%2Fv2%2Fcomments&post=24844"}],"version-history":[{"count":0,"href":"https:\/\/strachocin.archidiecezja.wroc.pl\/index.php?rest_route=\/wp\/v2\/pages\/24844\/revisions"}],"up":[{"embeddable":true,"href":"https:\/\/strachocin.archidiecezja.wroc.pl\/index.php?rest_route=\/wp\/v2\/pages\/24829"}],"wp:attachment":[{"href":"https:\/\/strachocin.archidiecezja.wroc.pl\/index.php?rest_route=%2Fwp%2Fv2%2Fmedia&parent=24844"}],"curies":[{"name":"wp","href":"https:\/\/api.w.org\/{rel}","templated":true}]}}