{"id":105,"date":"2020-10-07T07:59:03","date_gmt":"2020-10-07T07:59:03","guid":{"rendered":"http:\/\/strachocin.archidiecezja.wroc.pl\/_nowa-wp\/?page_id=105"},"modified":"2023-10-22T20:26:48","modified_gmt":"2023-10-22T18:26:48","slug":"contact","status":"publish","type":"page","link":"https:\/\/strachocin.archidiecezja.wroc.pl\/?page_id=105","title":{"rendered":"Kancelaria i kontakt"},"content":{"rendered":"\n<p><strong>Wroc\u0142aw-Strachocin<\/strong><br>ul. Tatarakowa 1, 51-511 Wroc\u0142aw woj. dolno\u015bl\u0105skie<br><br>E-mail: <strong>strachocin@archidiecezja.wroc.pl<\/strong><br>Telefon: <strong>71\/346-68-02<\/strong> lub <strong>605-345-897<\/strong><br><br><a href=\"https:\/\/www.strachocin.archidiecezja.wroc.pl\/\">https:\/\/www.strachocin.archidiecezja.wroc.pl\/<\/a><br><br>KANCELARIA<br>czynna codziennie po Mszy \u015bw. wieczornej<\/p>\n\n\n\n<p><\/p>\n\n\n\n<hr class=\"wp-block-separator has-css-opacity\"\/>\n\n\n\n<div id=\"map\" style=\"width: 600px; height: 400px;\">\n  <script async defer src=\"https:\/\/maps.googleapis.com\/maps\/api\/js?key=AIzaSyB20OT10h7Y8EV1QppvpKyazz8SSXFnr84&#038;callback=initMap\">\n  <\/script>\n  <script>\n    function initMap() {\n      var map = new google.maps.Map(document.getElementById('map'), {\n        center: { lat: 51.104243, lng: 17.145804 },\n        zoom: 15,\n        mapTypeId: 'roadmap',\n        disableDefaultUI: true\n      });\n\n      var marker = new google.maps.Marker({\n        position: { lat: 51.104243, lng: 17.145804 },\n        map: map\n      });\n    }\n  <\/script>\n<\/div>\n","protected":false},"excerpt":{"rendered":"<p>Wroc\u0142aw-Strachocinul. Tatarakowa 1, 51-511 Wroc\u0142aw woj. dolno\u015bl\u0105skie E-mail: strachocin@archidiecezja.wroc.plTelefon: 71\/346-68-02 lub 605-345-897 https:\/\/www.strachocin.archidiecezja.wroc.pl\/ KANCELARIAczynna codziennie po Mszy \u015bw. wieczornej<\/p>\n","protected":false},"author":1,"featured_media":0,"parent":24831,"menu_order":1,"comment_status":"closed","ping_status":"closed","template":"","meta":{"_uag_custom_page_level_css":"","ngg_post_thumbnail":0,"footnotes":""},"uagb_featured_image_src":{"full":false,"thumbnail":false,"medium":false,"medium_large":false,"large":false,"1536x1536":false,"2048x2048":false,"hestia-blog":false},"uagb_author_info":{"display_name":"tomekr","author_link":"https:\/\/strachocin.archidiecezja.wroc.pl\/?author=1"},"uagb_comment_info":0,"uagb_excerpt":"Wroc\u0142aw-Strachocinul. Tatarakowa 1, 51-511 Wroc\u0142aw woj. dolno\u015bl\u0105skie E-mail: strachocin@archidiecezja.wroc.plTelefon: 71\/346-68-02 lub 605-345-897 https:\/\/www.strachocin.archidiecezja.wroc.pl\/ KANCELARIAczynna codziennie po Mszy \u015bw. wieczornej","_links":{"self":[{"href":"https:\/\/strachocin.archidiecezja.wroc.pl\/index.php?rest_route=\/wp\/v2\/pages\/105"}],"collection":[{"href":"https:\/\/strachocin.archidiecezja.wroc.pl\/index.php?rest_route=\/wp\/v2\/pages"}],"about":[{"href":"https:\/\/strachocin.archidiecezja.wroc.pl\/index.php?rest_route=\/wp\/v2\/types\/page"}],"author":[{"embeddable":true,"href":"https:\/\/strachocin.archidiecezja.wroc.pl\/index.php?rest_route=\/wp\/v2\/users\/1"}],"replies":[{"embeddable":true,"href":"https:\/\/strachocin.archidiecezja.wroc.pl\/index.php?rest_route=%2Fwp%2Fv2%2Fcomments&post=105"}],"version-history":[{"count":11,"href":"https:\/\/strachocin.archidiecezja.wroc.pl\/index.php?rest_route=\/wp\/v2\/pages\/105\/revisions"}],"predecessor-version":[{"id":25511,"href":"https:\/\/strachocin.archidiecezja.wroc.pl\/index.php?rest_route=\/wp\/v2\/pages\/105\/revisions\/25511"}],"up":[{"embeddable":true,"href":"https:\/\/strachocin.archidiecezja.wroc.pl\/index.php?rest_route=\/wp\/v2\/pages\/24831"}],"wp:attachment":[{"href":"https:\/\/strachocin.archidiecezja.wroc.pl\/index.php?rest_route=%2Fwp%2Fv2%2Fmedia&parent=105"}],"curies":[{"name":"wp","href":"https:\/\/api.w.org\/{rel}","templated":true}]}}